{"id":52,"date":"2023-11-09T14:56:42","date_gmt":"2023-11-09T13:56:42","guid":{"rendered":"https:\/\/www.mindfulness-terapie.cz\/?page_id=52"},"modified":"2026-02-16T14:17:10","modified_gmt":"2026-02-16T13:17:10","slug":"uvodni-kurz-mindfulness-v-poradenstvi-a-terapii","status":"publish","type":"page","link":"https:\/\/www.mindfulness-terapie.cz\/?page_id=52","title":{"rendered":"\u00davodn\u00ed kurz Mindfulness v poradenstv\u00ed a terapii"},"content":{"rendered":"\n<p>\u00davodn\u00ed kurz Mindfulness v poradenstv\u00ed a terapii<\/p>\n\n\n\n<p>8 vyu\u010dovac\u00edch hodin<\/p>\n\n\n\n<p>Akreditace MPSV<\/p>\n\n\n\n<p>Kurz prob\u00edh\u00e1 ONLINE p\u0159es Zoom<\/p>\n\n\n\n<p>Vyberte si term\u00edn: 18.4.2026 nebo 23.5.2026<\/p>\n\n\n\n<p>\u010cas: od 8:30 do 15:30<\/p>\n\n\n\n<p>Cena: 1990,- K\u010d<\/p>\n\n\n\n<h2 class=\"wp-block-heading\">Anotace<\/h2>\n\n\n\n<p>Na \u00favodn\u00edm kurzu se sezn\u00e1m\u00edte s mindfulness a mo\u017enostmi jej\u00edho vyu\u017eit\u00ed p\u0159i pr\u00e1ci s klienty, v poradenstv\u00ed, psychoterapii a psychosoci\u00e1ln\u00ed rehabilitaci, ke zvl\u00e1d\u00e1n\u00ed stresu a emoc\u00ed, p\u0159i vlastn\u00ed du\u0161evn\u00ed hygien\u011b, rozvoji schopnosti zvl\u00e1dat emoce a jako prevenci vyho\u0159en\u00ed. Sezn\u00e1m\u00edte se s lektory v\u00fdcviku a jejich stylem pr\u00e1ce. <\/p>\n\n\n\n<p>Organiza\u010dn\u00ed podm\u00ednky:<\/p>\n\n\n\n<p>Kurz bude prob\u00edhat online, je t\u0159eba m\u00edt p\u0159ipojen\u00ed s kamerou a mikrofonem.<\/p>\n\n\n\n<p>Pokud jste ji\u017e absolvovali kurz Mindfulness ke zvl\u00e1d\u00e1n\u00ed stresu a emoc\u00ed nebo tr\u00e9nink MBSR alespo\u0148 s jedn\u00edm z lektor\u016f tr\u00e9ninku, podm\u00ednku \u00favodn\u00edho kurzu m\u00e1te spln\u011bnou.<\/p>\n","protected":false},"excerpt":{"rendered":"<p>\u00davodn\u00ed kurz Mindfulness v poradenstv\u00ed a terapii 8 vyu\u010dovac\u00edch hodin Akreditace MPSV Kurz prob\u00edh\u00e1 ONLINE p\u0159es Zoom Vyberte si term\u00edn: 18.4.2026 nebo 23.5.2026 \u010cas: od 8:30 do 15:30 Cena: 1990,- K\u010d Anotace Na \u00favodn\u00edm kurzu se sezn\u00e1m\u00edte s mindfulness a mo\u017enostmi jej\u00edho vyu\u017eit\u00ed p\u0159i pr\u00e1ci s klienty, v poradenstv\u00ed, psychoterapii a psychosoci\u00e1ln\u00ed rehabilitaci, ke zvl\u00e1d\u00e1n\u00ed &hellip; <\/p>\n<p class=\"link-more\"><a href=\"https:\/\/www.mindfulness-terapie.cz\/?page_id=52\" class=\"more-link\">Pokra\u010dovat ve \u010dten\u00ed<span class=\"screen-reader-text\"> &#8222;\u00davodn\u00ed kurz Mindfulness v poradenstv\u00ed a terapii&#8220;<\/span><\/a><\/p>\n","protected":false},"author":1,"featured_media":0,"parent":0,"menu_order":0,"comment_status":"closed","ping_status":"closed","template":"","meta":{"footnotes":""},"class_list":["post-52","page","type-page","status-publish","hentry"],"_links":{"self":[{"href":"https:\/\/www.mindfulness-terapie.cz\/index.php?rest_route=\/wp\/v2\/pages\/52","targetHints":{"allow":["GET"]}}],"collection":[{"href":"https:\/\/www.mindfulness-terapie.cz\/index.php?rest_route=\/wp\/v2\/pages"}],"about":[{"href":"https:\/\/www.mindfulness-terapie.cz\/index.php?rest_route=\/wp\/v2\/types\/page"}],"author":[{"embeddable":true,"href":"https:\/\/www.mindfulness-terapie.cz\/index.php?rest_route=\/wp\/v2\/users\/1"}],"replies":[{"embeddable":true,"href":"https:\/\/www.mindfulness-terapie.cz\/index.php?rest_route=%2Fwp%2Fv2%2Fcomments&post=52"}],"version-history":[{"count":9,"href":"https:\/\/www.mindfulness-terapie.cz\/index.php?rest_route=\/wp\/v2\/pages\/52\/revisions"}],"predecessor-version":[{"id":5050,"href":"https:\/\/www.mindfulness-terapie.cz\/index.php?rest_route=\/wp\/v2\/pages\/52\/revisions\/5050"}],"wp:attachment":[{"href":"https:\/\/www.mindfulness-terapie.cz\/index.php?rest_route=%2Fwp%2Fv2%2Fmedia&parent=52"}],"curies":[{"name":"wp","href":"https:\/\/api.w.org\/{rel}","templated":true}]}}

Úvodní kurz Mindfulness v poradenství a terapii

<p>Úvodní kurz Mindfulness v poradenství a terapii</p>



<p>8 vyučovacích hodin</p>



<p>Akreditace MPSV</p>



<p>Kurz probíhá ONLINE přes Zoom</p>



<p>Vyberte si termín: 18.4.2026 nebo 23.5.2026</p>



<p>Čas: od 8:30 do 15:30</p>



<p>Cena: 1990,- Kč</p>



<h2 class="wp-block-heading">Anotace</h2>



<p>Na úvodním kurzu se seznámíte s mindfulness a možnostmi jejího využití při práci s klienty, v poradenství, psychoterapii a psychosociální rehabilitaci, ke zvládání stresu a emocí, při vlastní duševní hygieně, rozvoji schopnosti zvládat emoce a jako prevenci vyhoření. Seznámíte se s lektory výcviku a jejich stylem práce. </p>



<p>Organizační podmínky:</p>



<p>Kurz bude probíhat online, je třeba mít připojení s kamerou a mikrofonem.</p>



<p>Pokud jste již absolvovali kurz Mindfulness ke zvládání stresu a emocí nebo trénink MBSR alespoň s jedním z lektorů tréninku, podmínku úvodního kurzu máte splněnou.</p>

<p>Úvodní kurz Mindfulness v poradenství a terapii 8 vyučovacích hodin Akreditace MPSV Kurz probíhá ONLINE přes Zoom Vyberte si termín: 18.4.2026 nebo 23.5.2026 Čas: od 8:30 do 15:30 Cena: 1990,- Kč Anotace Na úvodním kurzu se seznámíte s mindfulness a možnostmi jejího využití při práci s klienty, v poradenství, psychoterapii a psychosociální rehabilitaci, ke zvládání &hellip; </p>
<p class="link-more"><a href="https://www.mindfulness-terapie.cz/?page_id=52" class="more-link">Pokračovat ve čtení<span class="screen-reader-text"> &#8222;Úvodní kurz Mindfulness v poradenství a terapii&#8220;</span></a></p>
