{"id":36,"date":"2023-11-09T11:28:23","date_gmt":"2023-11-09T10:28:23","guid":{"rendered":"https:\/\/www.mindfulness-terapie.cz\/?page_id=36"},"modified":"2023-11-09T15:40:50","modified_gmt":"2023-11-09T14:40:50","slug":"bc-michal-salplachta-dis","status":"publish","type":"page","link":"https:\/\/www.mindfulness-terapie.cz\/?page_id=36","title":{"rendered":"Bc. Michal \u0160alplachta, DiS."},"content":{"rendered":"\n<p>Michal se narodil v kv\u011btnu 1978, je psychoterapeut, lektor a supervizor. Za sv\u00e9 osobn\u00ed posl\u00e1n\u00ed pova\u017euje zlep\u0161it du\u0161evn\u00ed zdrav\u00ed v\u00a0\u010cR. V\u011bnuje se psychoterapii, tr\u00e9nink\u016fm zvl\u00e1d\u00e1n\u00ed stresu, na pr\u00e1ci s t\u011blem zam\u011b\u0159en\u00fdm psychoterapeutick\u00fdm p\u0159\u00edstup\u016fm, mindfulness meditaci, dovednostem zvl\u00e1d\u00e1n\u00ed \u017eivota, p\u00e9\u010di zam\u011b\u0159en\u00e9 na \u010dlov\u011bka, celostn\u00edmu p\u0159\u00edstupu ke zdrav\u00ed, psychosoci\u00e1ln\u00ed rehabilitaci a podpo\u0159e zotaven\u00ed z du\u0161evn\u00edho onemocn\u011bn\u00ed.\u00a0 Od roku 1998 pracuje v\u00a0oblasti soci\u00e1ln\u00edch slu\u017eeb se zam\u011b\u0159en\u00edm na osoby se zku\u0161enost\u00ed s\u00a0du\u0161evn\u00edm onemocn\u011bn\u00edm. Od roku 2008 se v\u011bnuje tak\u00e9 soukrom\u00e9 psychoterapeutick\u00e9 praxi a prov\u00e1d\u00ed vzd\u011bl\u00e1v\u00e1n\u00ed a supervizi v\u00a0oblasti soci\u00e1ln\u00edch slu\u017eeb. V\u00a0roce 2018 zalo\u017eil organizaci <a href=\"http:\/\/klinika-zvladani-stresu.cz\/\">Klinika zvl\u00e1d\u00e1n\u00ed stresu s.r.o.<\/a>  na kter\u00e9 v sou\u010dasn\u00e9 dob\u011b p\u016fsob\u00ed. V\u00a0letech 2018-2021 spolupracoval na projektu Centra du\u0161evn\u00edho zdrav\u00ed (CDZ) v\u00a0Uhersk\u00e9m Hradi\u0161ti.<\/p>\n\n\n\n<p><strong>Vzd\u011bl\u00e1n\u00ed<\/strong><\/p>\n\n\n\n<ul class=\"wp-block-list\">\n<li>V\u0160 &#8211; Psychologie, Univerzita Palack\u00e9ho v Olomouci<\/li>\n\n\n\n<li>VO\u0160 &#8211; Diplomovan\u00e1 sestra pro psychiatrii, VZ\u0160 Brno<\/li>\n\n\n\n<li>Psychoterapeutick\u00fd v\u00fdcvik v&nbsp;Poradenstv\u00ed a psychoterapii zam\u011b\u0159en\u00e9 na \u010dlov\u011bka<\/li>\n\n\n\n<li>Psychoterapeutick\u00fd v\u00fdcvik v&nbsp;Pesso-Boyden System Psychomotor terapii<\/li>\n\n\n\n<li>V\u00fdcvik Supervizor zam\u011b\u0159en\u00fd na \u010dlov\u011bka<\/li>\n\n\n\n<li>V\u00fdcvik v&nbsp;Krizov\u00e9 intervenci<\/li>\n\n\n\n<li>V\u00fdcvik v Pl\u00e1nov\u00e1n\u00ed zam\u011b\u0159en\u00e9m na \u010dlov\u011bka<\/li>\n\n\n\n<li>V\u00fdcvik tren\u00e9r&nbsp;Mindfulness Based Stress Reduction (MBSR)<\/li>\n\n\n\n<li>V\u00fdcvik ve Focusingu<\/li>\n\n\n\n<li>V\u00fdcvik tren\u00e9r metodiky CARe (Comprehensive aproach to rehabilitation)<\/li>\n\n\n\n<li>Kvalifika\u010dn\u00ed kurz management v&nbsp;soci\u00e1ln\u00edch slu\u017eb\u00e1ch<\/li>\n\n\n\n<li>Kvalifika\u010dn\u00ed zkou\u0161ka lektor dal\u0161\u00edho vzd\u011bl\u00e1v\u00e1n\u00ed<\/li>\n<\/ul>\n","protected":false},"excerpt":{"rendered":"<p>Michal se narodil v kv\u011btnu 1978, je psychoterapeut, lektor a supervizor. Za sv\u00e9 osobn\u00ed posl\u00e1n\u00ed pova\u017euje zlep\u0161it du\u0161evn\u00ed zdrav\u00ed v\u00a0\u010cR. V\u011bnuje se psychoterapii, tr\u00e9nink\u016fm zvl\u00e1d\u00e1n\u00ed stresu, na pr\u00e1ci s t\u011blem zam\u011b\u0159en\u00fdm psychoterapeutick\u00fdm p\u0159\u00edstup\u016fm, mindfulness meditaci, dovednostem zvl\u00e1d\u00e1n\u00ed \u017eivota, p\u00e9\u010di zam\u011b\u0159en\u00e9 na \u010dlov\u011bka, celostn\u00edmu p\u0159\u00edstupu ke zdrav\u00ed, psychosoci\u00e1ln\u00ed rehabilitaci a podpo\u0159e zotaven\u00ed z du\u0161evn\u00edho onemocn\u011bn\u00ed.\u00a0 Od &hellip; <\/p>\n<p class=\"link-more\"><a href=\"https:\/\/www.mindfulness-terapie.cz\/?page_id=36\" class=\"more-link\">Pokra\u010dovat ve \u010dten\u00ed<span class=\"screen-reader-text\"> &#8222;Bc. Michal \u0160alplachta, DiS.&#8220;<\/span><\/a><\/p>\n","protected":false},"author":1,"featured_media":0,"parent":0,"menu_order":0,"comment_status":"closed","ping_status":"closed","template":"","meta":{"footnotes":""},"class_list":["post-36","page","type-page","status-publish","hentry"],"_links":{"self":[{"href":"https:\/\/www.mindfulness-terapie.cz\/index.php?rest_route=\/wp\/v2\/pages\/36","targetHints":{"allow":["GET"]}}],"collection":[{"href":"https:\/\/www.mindfulness-terapie.cz\/index.php?rest_route=\/wp\/v2\/pages"}],"about":[{"href":"https:\/\/www.mindfulness-terapie.cz\/index.php?rest_route=\/wp\/v2\/types\/page"}],"author":[{"embeddable":true,"href":"https:\/\/www.mindfulness-terapie.cz\/index.php?rest_route=\/wp\/v2\/users\/1"}],"replies":[{"embeddable":true,"href":"https:\/\/www.mindfulness-terapie.cz\/index.php?rest_route=%2Fwp%2Fv2%2Fcomments&post=36"}],"version-history":[{"count":5,"href":"https:\/\/www.mindfulness-terapie.cz\/index.php?rest_route=\/wp\/v2\/pages\/36\/revisions"}],"predecessor-version":[{"id":60,"href":"https:\/\/www.mindfulness-terapie.cz\/index.php?rest_route=\/wp\/v2\/pages\/36\/revisions\/60"}],"wp:attachment":[{"href":"https:\/\/www.mindfulness-terapie.cz\/index.php?rest_route=%2Fwp%2Fv2%2Fmedia&parent=36"}],"curies":[{"name":"wp","href":"https:\/\/api.w.org\/{rel}","templated":true}]}}

Bc. Michal Šalplachta, DiS.

<p>Michal se narodil v květnu 1978, je psychoterapeut, lektor a supervizor. Za své osobní poslání považuje zlepšit duševní zdraví v ČR. Věnuje se psychoterapii, tréninkům zvládání stresu, na práci s tělem zaměřeným psychoterapeutickým přístupům, mindfulness meditaci, dovednostem zvládání života, péči zaměřené na člověka, celostnímu přístupu ke zdraví, psychosociální rehabilitaci a podpoře zotavení z duševního onemocnění.  Od roku 1998 pracuje v oblasti sociálních služeb se zaměřením na osoby se zkušeností s duševním onemocněním. Od roku 2008 se věnuje také soukromé psychoterapeutické praxi a provádí vzdělávání a supervizi v oblasti sociálních služeb. V roce 2018 založil organizaci <a href="http://klinika-zvladani-stresu.cz/">Klinika zvládání stresu s.r.o.</a>  na které v současné době působí. V letech 2018-2021 spolupracoval na projektu Centra duševního zdraví (CDZ) v Uherském Hradišti.</p>



<p><strong>Vzdělání</strong></p>



<ul class="wp-block-list">
<li>VŠ &#8211; Psychologie, Univerzita Palackého v Olomouci</li>



<li>VOŠ &#8211; Diplomovaná sestra pro psychiatrii, VZŠ Brno</li>



<li>Psychoterapeutický výcvik v&nbsp;Poradenství a psychoterapii zaměřené na člověka</li>



<li>Psychoterapeutický výcvik v&nbsp;Pesso-Boyden System Psychomotor terapii</li>



<li>Výcvik Supervizor zaměřený na člověka</li>



<li>Výcvik v&nbsp;Krizové intervenci</li>



<li>Výcvik v Plánování zaměřeném na člověka</li>



<li>Výcvik trenér&nbsp;Mindfulness Based Stress Reduction (MBSR)</li>



<li>Výcvik ve Focusingu</li>



<li>Výcvik trenér metodiky CARe (Comprehensive aproach to rehabilitation)</li>



<li>Kvalifikační kurz management v&nbsp;sociálních službách</li>



<li>Kvalifikační zkouška lektor dalšího vzdělávání</li>
</ul>

<p>Michal se narodil v květnu 1978, je psychoterapeut, lektor a supervizor. Za své osobní poslání považuje zlepšit duševní zdraví v ČR. Věnuje se psychoterapii, tréninkům zvládání stresu, na práci s tělem zaměřeným psychoterapeutickým přístupům, mindfulness meditaci, dovednostem zvládání života, péči zaměřené na člověka, celostnímu přístupu ke zdraví, psychosociální rehabilitaci a podpoře zotavení z duševního onemocnění.  Od &hellip; </p>
<p class="link-more"><a href="https://www.mindfulness-terapie.cz/?page_id=36" class="more-link">Pokračovat ve čtení<span class="screen-reader-text"> &#8222;Bc. Michal Šalplachta, DiS.&#8220;</span></a></p>
