{"id":33,"date":"2023-11-09T11:05:04","date_gmt":"2023-11-09T10:05:04","guid":{"rendered":"https:\/\/www.mindfulness-terapie.cz\/?page_id=33"},"modified":"2023-11-09T11:45:16","modified_gmt":"2023-11-09T10:45:16","slug":"mudr-mgr-kristyna-drozdova-ph-d","status":"publish","type":"page","link":"https:\/\/www.mindfulness-terapie.cz\/?page_id=33","title":{"rendered":"MUDr. Mgr. Krist\u00fdna Drozdov\u00e1, Ph.D."},"content":{"rendered":"\n<h2 class=\"wp-block-heading\">Vzd\u011bl\u00e1n\u00ed<\/h2>\n\n\n\n<ul class=\"wp-block-list\">\n<li>L\u00e9ka\u0159sk\u00e1 fakulta Univerzity Karlovy v&nbsp;Hradci Kr\u00e1lov\u00e9 (v\u0161eobecn\u00e9 l\u00e9ka\u0159stv\u00ed, promoce 2000)<\/li>\n\n\n\n<li>Filozofick\u00e1 fakulta v&nbsp;Praze (jednooborov\u00e1 psychologie, promoce 2005)<\/li>\n\n\n\n<li>Specializovan\u00e1 zp\u016fsobilost (atestace) v&nbsp;oboru psychiatrie (atesta\u010dn\u00ed zkou\u0161ka 2011)<\/li>\n\n\n\n<li>Postgradu\u00e1ln\u00ed studium v&nbsp;oboru klinick\u00e9 psychologie (disertace 2017)<\/li>\n<\/ul>\n\n\n\n<h2 class=\"wp-block-heading\">Psychoterapeutick\u00e9 vzd\u011bl\u00e1n\u00ed<\/h2>\n\n\n\n<ul class=\"wp-block-list\">\n<li>2002 &#8211; 2004 psychoterapeutick\u00fd v\u00fdcvik v satiterapii&nbsp;<\/li>\n\n\n\n<li>2005 \u2013 2009 koterapeutka a lektorka v\u00fdcviku v&nbsp;satiterapii<\/li>\n\n\n\n<li>2016 &#8211; 2017 psychoterapeutick\u00fd v\u00fdcvik v Terapii zam\u011b\u0159en\u00e9 na emoce (EFT)&nbsp;<\/li>\n\n\n\n<li>2018 4-Day Externship in Emotionally Focused Therapy for Couples, Prague, Dr. Becca Jorgensen, Sarah Ackerman<\/li>\n\n\n\n<li>2020 -2021 psychoterapeutick\u00fd v\u00fdcvik v&nbsp;P sychotraumatologii a EMDR (Eye Movement Desensitization and Reprocessing)&nbsp;<\/li>\n\n\n\n<li>2021 \u2013 2022 MBSR teacher training a MBCT teacher training<\/li>\n<\/ul>\n\n\n\n<h2 class=\"wp-block-heading\">Praxe<\/h2>\n\n\n\n<ul class=\"wp-block-list\">\n<li>2008 &#8211; 2009 lektorka p\u0159edm\u011btu Z\u00e1klady neurov\u011bd na kated\u0159e psychologie FSS v&nbsp;Brn\u011b<\/li>\n\n\n\n<li>2000 \u2013 2017 l\u00e9ka\u0159ka v&nbsp;Psychiatrick\u00e9 nemocnici Havl\u00ed\u010dk\u016fv Brod,<\/li>\n\n\n\n<li>odd\u011blen\u00ed pro komplexn\u00ed rehabilitaci psychotick\u00fdch a afektivn\u00edch poruch<\/li>\n\n\n\n<li>2015 &#8211; 2016 extern\u00ed spolupracovnice N\u00e1rodn\u00edho \u00fastavu du\u0161evn\u00edho zdrav\u00ed v&nbsp;Klecanech<\/li>\n\n\n\n<li>2017 \u2013 2021 vedouc\u00ed Psychoterapeutick\u00e9ho centra v&nbsp;Jihlav\u011b<\/li>\n\n\n\n<li>Pr\u016fb\u011b\u017en\u011b lektorsk\u00e1 a prezenta\u010dn\u00ed \u010dinnost<\/li>\n\n\n\n<li>Nyn\u00ed p\u016fsob\u00ed v soukrom\u00e9 psychiatrick\u00e9 praxi v Jihlav\u011b: <a href=\"https:\/\/www.psychiatrie-vysocina.cz\/\">psychiatrie-vysocina.cz<\/a><\/li>\n<\/ul>\n\n\n\n<h2 class=\"wp-block-heading\">\u010clenstv\u00ed v&nbsp;profesn\u00edch organizac\u00edch<\/h2>\n\n\n\n<ul class=\"wp-block-list\">\n<li>\u010cesk\u00e1 l\u00e9ka\u0159sk\u00e1 komora<\/li>\n\n\n\n<li>Neuropsychiatrick\u00e9 f\u00f3rum<\/li>\n\n\n\n<li>\u010cesk\u00e1 l\u00e9ka\u0159sk\u00e1 spole\u010dnost Jana Evangelisty Purkyn\u011b<\/li>\n\n\n\n<li>Sdru\u017een\u00ed ambulantn\u00edch specialist\u016f<\/li>\n\n\n\n<li>\u010cesk\u00fd institut pro psychotraumatologii a EMDR<\/li>\n\n\n\n<li>\u010cesk\u00e1 asociace pro psychoterapii<\/li>\n<\/ul>\n","protected":false},"excerpt":{"rendered":"<p>Vzd\u011bl\u00e1n\u00ed Psychoterapeutick\u00e9 vzd\u011bl\u00e1n\u00ed Praxe \u010clenstv\u00ed v&nbsp;profesn\u00edch organizac\u00edch<\/p>\n","protected":false},"author":1,"featured_media":0,"parent":0,"menu_order":0,"comment_status":"closed","ping_status":"closed","template":"","meta":{"footnotes":""},"class_list":["post-33","page","type-page","status-publish","hentry"],"_links":{"self":[{"href":"https:\/\/www.mindfulness-terapie.cz\/index.php?rest_route=\/wp\/v2\/pages\/33","targetHints":{"allow":["GET"]}}],"collection":[{"href":"https:\/\/www.mindfulness-terapie.cz\/index.php?rest_route=\/wp\/v2\/pages"}],"about":[{"href":"https:\/\/www.mindfulness-terapie.cz\/index.php?rest_route=\/wp\/v2\/types\/page"}],"author":[{"embeddable":true,"href":"https:\/\/www.mindfulness-terapie.cz\/index.php?rest_route=\/wp\/v2\/users\/1"}],"replies":[{"embeddable":true,"href":"https:\/\/www.mindfulness-terapie.cz\/index.php?rest_route=%2Fwp%2Fv2%2Fcomments&post=33"}],"version-history":[{"count":3,"href":"https:\/\/www.mindfulness-terapie.cz\/index.php?rest_route=\/wp\/v2\/pages\/33\/revisions"}],"predecessor-version":[{"id":44,"href":"https:\/\/www.mindfulness-terapie.cz\/index.php?rest_route=\/wp\/v2\/pages\/33\/revisions\/44"}],"wp:attachment":[{"href":"https:\/\/www.mindfulness-terapie.cz\/index.php?rest_route=%2Fwp%2Fv2%2Fmedia&parent=33"}],"curies":[{"name":"wp","href":"https:\/\/api.w.org\/{rel}","templated":true}]}}

MUDr. Mgr. Kristýna Drozdová, Ph.D.

<h2 class="wp-block-heading">Vzdělání</h2>



<ul class="wp-block-list">
<li>Lékařská fakulta Univerzity Karlovy v&nbsp;Hradci Králové (všeobecné lékařství, promoce 2000)</li>



<li>Filozofická fakulta v&nbsp;Praze (jednooborová psychologie, promoce 2005)</li>



<li>Specializovaná způsobilost (atestace) v&nbsp;oboru psychiatrie (atestační zkouška 2011)</li>



<li>Postgraduální studium v&nbsp;oboru klinické psychologie (disertace 2017)</li>
</ul>



<h2 class="wp-block-heading">Psychoterapeutické vzdělání</h2>



<ul class="wp-block-list">
<li>2002 &#8211; 2004 psychoterapeutický výcvik v satiterapii&nbsp;</li>



<li>2005 – 2009 koterapeutka a lektorka výcviku v&nbsp;satiterapii</li>



<li>2016 &#8211; 2017 psychoterapeutický výcvik v Terapii zaměřené na emoce (EFT)&nbsp;</li>



<li>2018 4-Day Externship in Emotionally Focused Therapy for Couples, Prague, Dr. Becca Jorgensen, Sarah Ackerman</li>



<li>2020 -2021 psychoterapeutický výcvik v&nbsp;P sychotraumatologii a EMDR (Eye Movement Desensitization and Reprocessing)&nbsp;</li>



<li>2021 – 2022 MBSR teacher training a MBCT teacher training</li>
</ul>



<h2 class="wp-block-heading">Praxe</h2>



<ul class="wp-block-list">
<li>2008 &#8211; 2009 lektorka předmětu Základy neurověd na katedře psychologie FSS v&nbsp;Brně</li>



<li>2000 – 2017 lékařka v&nbsp;Psychiatrické nemocnici Havlíčkův Brod,</li>



<li>oddělení pro komplexní rehabilitaci psychotických a afektivních poruch</li>



<li>2015 &#8211; 2016 externí spolupracovnice Národního ústavu duševního zdraví v&nbsp;Klecanech</li>



<li>2017 – 2021 vedoucí Psychoterapeutického centra v&nbsp;Jihlavě</li>



<li>Průběžně lektorská a prezentační činnost</li>



<li>Nyní působí v soukromé psychiatrické praxi v Jihlavě: <a href="https://www.psychiatrie-vysocina.cz/">psychiatrie-vysocina.cz</a></li>
</ul>



<h2 class="wp-block-heading">Členství v&nbsp;profesních organizacích</h2>



<ul class="wp-block-list">
<li>Česká lékařská komora</li>



<li>Neuropsychiatrické fórum</li>



<li>Česká lékařská společnost Jana Evangelisty Purkyně</li>



<li>Sdružení ambulantních specialistů</li>



<li>Český institut pro psychotraumatologii a EMDR</li>



<li>Česká asociace pro psychoterapii</li>
</ul>

<p>Vzdělání Psychoterapeutické vzdělání Praxe Členství v&nbsp;profesních organizacích</p>
